= -5*q. Let z = 18 - o. Calculate the remainder when 56 is divided by z.
18
Let d be 232/(-8) - (-1 - -2). Let h = d - -36. What is the remainder when 8 is divided by h?
2
Let c(k) = 33*k - 29*k - 7 + 19. What is the remainder when c(6) is divided by 13?
10
Calculate the remainder when -2 + (66/(-4))/((-2)/4) is divided by ((-6)/(-3))/((-4)/(-34)).
14
Suppose 17*q = 18*q - 9. What is the remainder when q/3*(-70)/(-3) is divided by 18?
16
What is the remainder when 9*(-11)/792 - (-2065)/8 is divided by 29?
26
Let y = 1132 - 1108. What is the remainder when 93 is divided by y?
21
Suppose -2*c + 33 = -c. Let m = c - 26. Calculate the remainder when 18 is divided by m.
4
Let i be -3*(-1)/((-12)/(-20)). Suppose -83 + 3 = -i*m. What is the remainder when m is divided by 6?
4
Let w = 225 - 111. Suppose -3*k - 4*q = -69, k = 3*q - q + 23. Calculate the remainder when w is divided by k.
22
What is the remainder when (-1480)/(-60)*6/4 is divided by 11?
4
Let a be (-100)/(-26) + 6/39. Calculate the remainder when (-262)/(-8) + (-3)/a is divided by (136/12)/((-2)/(-3)).
15
Suppose -41*l = -42*l + 5. What is the remainder when 75 is divided by l?
0
Let d(x) be the third derivative of -x**6/60 - x**5/10 - x**4/12 + 5*x**3/6 - 4*x**2. What is the remainder when d(-4) is divided by 23?
22
Let c(m) = 26*m - 162. What is the remainder when 496 is divided by c(7)?
16
Suppose 19*a - 126 = 5*a. Let c(m) = -m + 1. Let z be c(-3). Suppose 9*h - 4*o - 32 = z*h, -3*h + 24 = -4*o. Calculate the remainder when a is divided by h.
1
Suppose 609 - 665 = -g. What is the remainder when g is divided by 14?
0
Suppose 3*l - 18 + 9 = 0. Let m = 11 + l. Let d = 5 + -1. What is the remainder when m is divided by d?
2
Calculate the remainder when 307 is divided by -11 + -2*484/(-11).
76
Suppose -o = o - 2, -2*v + 9 = -3*o. Suppose v = -0*l + 2*l. Suppose -3*r = -2*r - l. Calculate the remainder when r is divided by 2.
1
Let c = -21 - -58. What is the remainder when c is divided by (-2)/(-8) + (-78)/(-8)?
7
Let a be 2/(-3) + (-100)/(-15). Let w = 97 - a. Let v = 47 - 24. What is the remainder when w is divided by v?
22
Suppose 9*u - 2*u - 427 = 0. Calculate the remainder when u is divided by 36.
25
Let o = 55 - 4. Suppose 5*y - 28 = -n, 4*y - o = -2*n + 23. Let v = -75 - -90. Calculate the remainder when n is divided by v.
13
Let c(b) = 43*b + 6. Let v be c(1). Let f = -35 + v. What is the remainder when 39 is divided by f?
11
Suppose 0 = -2*b + 4*r - 4, 2*b = 7*b - 2*r - 22. Calculate the remainder when 74 is divided by b.
2
Suppose 0 = -33*c + 32*c + 1. Calculate the remainder when 34 is divided by (21 + (2 - 7))*c.
2
Let z = 657 - 637. What is the remainder when 277 is divided by z?
17
Suppose 5*g + 46 + 9 = 0. Suppose d - 9 = -2*d, -141 = 3*c - 2*d. Let u = g - c. Calculate the remainder when u is divided by 19.
15
Suppose -5*a + p = -467, -16 + 13 = -p. What is the remainder when 124 is divided by a?
30
Calculate the remainder when 97 is divided by (-107)/(-3) + (30/(-9))/5.
27
Let p = 7 + -3. Let y(m) = 2*m**2 - 7*m. Let u = -17 + 27. Calculate the remainder when u is divided by y(p).
2
Let k(q) = 42*q**2 + q + 3. Let y(t) = -t**2 - 1. Let l(w) = k(w) + 5*y(w). Calculate the remainder when 214 is divided by l(1).
34
Let o = -1116 - -1124. Calculate the remainder when 78 is divided by o.
6
Let a(y) = -5*y - 8. Let f be a(-3). Let j(n) = 5*n + 3. What is the remainder when j(f) is divided by 7?
3
Suppose 4*j + 24 = -0*j. Let l(d) = -d**3 - 6*d**2 + 5. Suppose 0 = -2*r - 4, 40 = 2*u + u - 2*r. What is the remainder when u is divided by l(j)?
2
Let y(v) = v**3 + 5*v**2 + v - 4. Let u be y(-4). Let t(m) = 2*m**2 - 2*m - 9. Calculate the remainder when t(u) is divided by 26.
25
Let n = 135 - 54. Let p be 9/(-81) + (-74)/(-18). Let v = p - -17. Calculate the remainder when n is divided by v.
18
What is the remainder when 254 is divided by 26962/390 - 2/15?
47
Let r = -24 + 36. Let y = 15 - r. Suppose -y*z + 3*u = -12, -4*z + 2*u + 16 = 4*u. Calculate the remainder when 6 is divided by z.
2
Let t(y) = 2*y**3 + 18*y**2 - 8*y - 13. What is the remainder when t(-6) is divided by 63?
62
Suppose 11 = -2*m + 53. Let a(p) = -p**3 + 14*p**2 - 7*p + 1. What is the remainder when a(13) is divided by m?
16
What is the remainder when 256 is divided by -5 + 59 + 0 + (-4 - -3)?
44
Suppose 3*r - 3*d - 6 = 0, 4*r - 2*r + 3*d - 19 = 0. Suppose -r*b = 5*s - 115, -4*s + 25 = b - 52. What is the remainder when s is divided by 14?
4
Suppose 6*k - 88 = 308. Suppose x + 1 = 0, -k + 26 = -4*o - 4*x. Suppose -i = -0*i - 4. What is the remainder when o is divided by i?
3
Let s = 221 + -97. Calculate the remainder when s is divided by 56.
12
Suppose -120 = 2*u - 14*u. Suppose -5*l + 12 = -8. Calculate the remainder when (l/10)/(3/210) is divided by u.
8
Suppose -5 - 17 = -q. Suppose -t + 1 = -1. Suppose -t = i - 8. What is the remainder when q is divided by i?
4
Suppose -3*b + s + 40 = 0, -7*s = b - 5*s - 25. Calculate the remainder when 27 is divided by b.
12
Suppose 0 = -4*j - 3*x + 2, 0 = 3*j + 3*x - 2*x - 4. What is the remainder when 33 is divided by j?
1
Let w(n) = n**3 + 6*n**2 - 8*n - 3. Let a be w(-7). Suppose 7*p - 52 = a. What is the remainder when 34 is divided by p?
2
Suppose 3*x - 253 = 47. Calculate the remainder when x is divided by 17.
15
Suppose 5*d - 855 = 5*h, -d + 5*h + 90 + 89 = 0. Calculate the remainder when d is divided by 38.
17
Suppose 0 = 4*z - 7 - 1. Let g(c) = 5*c - 1. Let o be g(1). Let n(r) = -r**3 + 5*r**2 - 2*r - 3. What is the remainder when n(o) is divided by z?
1
Calculate the remainder when 395 is divided by 840/(-196)*84/(-10).
35
Suppose h = -2*w + 73, 5*w + 22*h = 23*h + 165. What is the remainder when 234 is divided by w?
30
Let b be (-1)/(-5) - (-120)/25. Suppose -5*p - 37 = -4*t, -b*p + 2*t = 46 - 5. What is the remainder when 43 is divided by 2*9 + (p - -6)?
13
Suppose -27*m + 138 = -213. Suppose -3*l + 85 = 2*n - 7*n, -4*l + 124 = -4*n. Calculate the remainder when l is divided by m.
9
Let f be (-4 + 4)/(-2) - -10. Suppose f*y = 15*y - 5. What is the remainder when 1 is divided by y?
0
Suppose 0 = -4*k + w + 83, -23 = -k + w - 3*w. Suppose -b = 4*b - 30. What is the remainder when k is divided by b?
3
Let v(j) = j**2 - 8*j + 5. Suppose -5*t - 33 = -143. What is the remainder when t is divided by v(9)?
8
Let g = -1411 + 1669. Calculate the remainder when g is divided by 25.
8
Let k = 1898 + -1238. What is the remainder when k is divided by 13?
10
Let n(c) = -3*c**2 - 14*c + 2. Let z(g) = -7*g**2 - 29*g + 4. Let q(o) = -9*n(o) + 4*z(o). Calculate the remainder when 40 is divided by q(9).
5
Suppose 38*v - 21*v - 1122 = 0. Calculate the remainder when 260 is divided by v.
62
Suppose 32*a - 212 = 300. Calculate the remainder when 137 is divided by a.
9
Let p = -26 - -74. Suppose 0 = 4*m - 682 + 110. What is the remainder when m is divided by p?
47
Suppose 5*l - 997 = -3*o, l - 311 = o - 110. Suppose -3*y = -5*m - 121, y = -3*y - 3*m + l. What is the remainder when y is divided by 10?
7
Suppose 9 = 3*i - 126. What is the remainder when i is divided by 13?
6
Suppose j = -3*j - 4. Let w(p) = -4*p + 3. Let b be w(1). Calculate the remainder when (34 - b) + 1*j is divided by 12.
10
Let i(m) = m**3 - 2*m**3 - 12*m**2 - 31*m - 6 + 1 + 26*m. Calculate the remainder when i(-12) is divided by 0 - 38/((-2)/1).
17
Let z(b) = b**2 + 5*b + 7. Suppose 5*g + 9*g = 52*g - 722. What is the remainder when g is divided by z(-5)?
5
Suppose 3*s - 4*x + 87 = 287, 2*s - 134 = 3*x. Let t = -57 + s. Calculate the remainder when 9 is divided by t.
2
Let r = -5 - -23. Let m(d) = 2322*d**3 - d**2 - 3*d - 1. Let l be m(-1). Calculate the remainder when l/(-33) + (-1)/3 is divided by r.
16
Suppose -43 + 115 = 6*y. Suppose -4*u - 120 = -k - 3*k, -k - 5*u + y = 0. Let d(p) = -p**2 + 8*p - 5. Calculate the remainder when k is divided by d(6).
6
Let j = 28 + 5. Let y = 41 - j. What is the remainder when 20 is divided by y?
4
Let b(i) = -i + 9. Suppose 0 = -2*a - 0*a + 10. Let o be b(a). Suppose -4*n = -t - 12 - 39, o*n - 41 = 3*t. Calculate the remainder when n is divided by 6.
2
Let a = 28431 - 28420. What is the remainder when (0 - (1 + -32))*1 is divided by a?
9
Suppose -3*o - 10 = -4*o. Suppose -